mon divisor of i and 775.
25
Let w be -1 + (32 - (-2)/1). Suppose 6*v + 16 = 814. Let m be 2888/v - (-2)/7. Calculate the highest common divisor of w and m.
11
Let p be 21/(-6)*(2 + 0). Let t(b) = b**2 + 5*b - 5. Let s be t(p). Suppose -2*q + 3*q = 9. What is the greatest common divisor of q and s?
9
Suppose 1 + 30 = 7*d - 25. Suppose -6 = -f + 26. Calculate the greatest common factor of f and d.
8
Let j(x) = -x + 10. Let i be j(6). Suppose 2*r + 1 = -9, -i*r = -4*z + 292. What is the highest common factor of 51 and z?
17
Let j(w) = -w**3 - 14*w**2 - 5*w - 28. Let p be j(-14). What is the highest common divisor of 1302 and p?
42
Let x(g) = g**3 + 7*g**2 - 15*g - 19. Let b be x(-8). Suppose a - 3*d - b = -0*a, -36 = -a + 2*d. Calculate the highest common factor of 306 and a.
34
Let v be (-6)/9*((-9)/2 - 9). Calculate the highest common factor of v and 1629.
9
Let o = -100 + 106. Suppose 0 = -12*x + o*x + 168. What is the highest common factor of 84 and x?
28
Suppose -t + 878 - 863 = 0. Calculate the highest common divisor of 27 and t.
3
Suppose 528 = -8*i + 12*i. Let c = i + -69. Calculate the highest common factor of 42 and c.
21
Let v(q) = q**3 + 8*q**2 + 10*q + 3. Let d be v(-5). Suppose 4*a = -2*y + 80, -d = -4*y + 3*y + 4*a. What is the highest common divisor of y and 72?
36
Let w(s) = 5*s - 1. Let t be w(1). Let x(j) = 2*j - 6. Let n be x(-3). Let r = -11 - n. Calculate the greatest common divisor of r and t.
1
Let k be (-140)/(-7) + (0 - 1) + 5. What is the highest common factor of k and 54?
6
Suppose 3*j - 259 = 4*w, 0 = j + 2*j - 15. Let o = 70 + w. Suppose -4*v + 31 = -41. What is the highest common divisor of v and o?
9
Let k(a) = -13*a - 20. Let u be k(-8). Let f = 36 + u. Calculate the highest common divisor of 24 and f.
24
Let n = -478 - -482. Let o be ((-2021)/3)/((-2)/6). Suppose n*r + 525 - o = 0. What is the greatest common divisor of r and 34?
34
Let z(x) = 292*x**2 + 2*x - 2. Let w be z(-1). Calculate the greatest common factor of w and 12.
12
Let c be 1/11 + 4140/198. Calculate the greatest common divisor of c and 1.
1
Suppose 13*y = 1934 + 3591. What is the highest common divisor of 125 and y?
25
Let o be -5 - (-13 - -1) - (19 - 21). Let j be 30/(-4)*96/(-10). What is the highest common factor of o and j?
9
Let m = 0 + 250. What is the highest common divisor of 100 and m?
50
Let f = 390 - 270. Suppose 2*k - 2*u - 30 = u, 75 = 5*k + 4*u. Calculate the highest common factor of f and k.
15
Let y(b) = -b**3 - 24*b**2 - 40*b + 118. Let h be y(-22). Let s be (-4)/(2/6*-1). Calculate the greatest common factor of s and h.
6
Let o(p) = -p**2 + 19*p + 990. Let x be o(0). Calculate the greatest common divisor of 360 and x.
90
Suppose 0 = 4*d + 2*d - 60. What is the highest common factor of 370 and d?
10
Let k = -1644 + 1651. What is the highest common factor of k and 2051?
7
Let r be 2 - (300/8)/((-6)/(-8)). Let x = -38 - r. What is the greatest common factor of 100 and x?
10
Let y = -1308 - -1330. Calculate the greatest common divisor of y and 8.
2
Let c be 6/(-8) + (-33)/(-12). Let d = 25 + c. Calculate the highest common factor of 297 and d.
27
Let w(n) = 3*n**3 + 2*n - 1. Let k(h) = -h**2 + 2*h + 9. Let j be k(4). Let t be w(j). Suppose 2*r - t*r = -512. What is the greatest common factor of r and 32?
32
Let m(w) = 2*w - 9. Let f be m(6). Let x(a) = -2*a**2 - 47*a + 53. Let z be x(-24). Suppose -5 + z = f*t. Calculate the highest common factor of 2 and t.
2
Let d = 122 - -288. Calculate the greatest common divisor of 164 and d.
82
Suppose 5*c + h - 395 = 386, 2*c + 3*h - 315 = 0. What is the highest common divisor of 36 and c?
12
Suppose -194 = -3*f - 3*d - d, 0 = -2*f + 5*d + 137. What is the greatest common divisor of 12 and f?
6
Suppose 310 = -4*y + p + 868, 0 = -3*p - 6. Let i = -107 + y. Calculate the greatest common factor of i and 64.
32
Suppose 182 = 2*q - 106. Let u be (-77 + 79)/(-3 - 25/(-8)). Calculate the highest common factor of u and q.
16
Let n(q) = q**2 + 4*q - 30. Let z be n(-7). Let b be 3/z*76*9/(-6). What is the greatest common factor of 304 and b?
38
Suppose 5*t = 4*z + 5238, -2*t - 8*z = -13*z - 2085. Calculate the greatest common divisor of t and 15.
15
Suppose j = 8*u - 5*u + 63, j + 4*u = 28. Calculate the highest common divisor of 1728 and j.
48
Let q = 1457 + -757. Calculate the greatest common factor of q and 28.
28
Let p(d) = -36*d**3 - 7*d**2 - 18*d + 4. Let y be p(-4). Calculate the highest common factor of y and 28.
28
Suppose j + 92 = -109. Let q = -124 - j. Suppose -t - 7*k + 18 = 0, 17*t - 2*k = 16*t + 9. Calculate the highest common factor of t and q.
11
Let j(k) = 3*k + 19*k + 6 - 8*k - k**2. Let i be j(14). Calculate the highest common divisor of 15 and i.
3
Let z be 252/49 + (-1)/7. Suppose v - 6 = -n + 3*v, -n = z*v - 6. Let y = 9 - n. What is the greatest common divisor of 21 and y?
3
Suppose 2*l = l. Suppose 4*i - 2*i - 56 = l. Let f = -4 - -8. Calculate the greatest common divisor of i and f.
4
Let k = -61 - -91. Let a = 6 + -4. Suppose 5*s + 71 = 2*b - 19, 0 = -a*s. What is the highest common divisor of k and b?
15
Let r(c) = -c**3 + 4*c**2 + 17*c - 27. Let h be r(5). Calculate the greatest common factor of h and 165.
33
Suppose 2*j = 3*i + 92 + 52, -5*j - 2*i = -341. Suppose 52 = 2*q - 40. Calculate the greatest common factor of q and j.
23
Let g = -21 + 30. Let x = 8 - g. Let j(f) = 21*f**2 - f. Let p be j(x). What is the highest common factor of p and 2?
2
Let x = -3 + 9. Suppose -k = -x*k. Suppose i - 2*i + 3 = k. What is the highest common divisor of 12 and i?
3
Suppose 4*x + 2*l - 1504 = 0, 2*x - x - 2*l = 386. Calculate the highest common divisor of 21 and x.
21
Suppose -569 = -18*c - 155. Let i be -1 - ((-6)/3 - 22). What is the highest common factor of i and c?
23
Suppose g + 219 = 5*f, 2*f + 2*f + g = 168. Let t = f + -40. What is the highest common divisor of t and 4?
1
Let h(b) = -36*b**3 + 2*b**2 - 5*b + 4. Let g be h(1). Let n be (-35)/10*100/g. What is the highest common factor of 110 and n?
10
Let u = -6 + 78. Let i = -14 + 16. Let c be 1*(0 - -24*i). Calculate the greatest common divisor of c and u.
24
Suppose -5*p - 594 = 486. Suppose 8*g + 51 = -13. Let a be g/(-6)*p/(-6). Calculate the highest common factor of 12 and a.
12
Suppose -5*m + 68 = -m + 3*s, 5*s = -2*m + 48. Suppose -3*u = -3*l + 24, l - 8*u + 4*u - 11 = 0. Calculate the highest common divisor of m and l.
7
Let g = -35 + 35. Let q = 13 + g. What is the highest common factor of q and 104?
13
Let w = -28 - -28. Suppose 3*c - 34 = -w*c + 4*j, 5*c + 3*j = 105. Calculate the greatest common factor of 126 and c.
18
Let i(d) = 3*d + 13. Let j be i(-9). Let b = j - -16. Suppose -64 = -4*x + b*x. What is the greatest common factor of 16 and x?
16
Let h be ((-3)/6)/((-2)/272). Let x = -29 - -42. Let w be x/(-39) - h/(-6). Calculate the greatest common divisor of 11 and w.
11
Let q = -30 - -34. Suppose 2*g + 46 = q*g. Calculate the greatest common divisor of 46 and g.
23
Let b = -7 + 10. Let i(u) = -6*u**2 + 6*u - u + 4 + u**b - u - 2*u. Let z be i(6). What is the greatest common divisor of 64 and z?
16
Let p(v) = v**2 + 10*v - 126. Let x be p(-18). What is the greatest common factor of 576 and x?
18
Suppose 5*q - 2 = 4*m, 4*q + 4*m - 5*m - 6 = 0. Let b(d) = 6*d**3 + 3*d**2 - 3*d + 2. Let a be b(q). Calculate the greatest common divisor of 140 and a.
28
Let m = 178 + -40. What is the greatest common factor of m and 92?
46
Suppose -3*h + 89 = -5*q + 16, 4*q + 52 = 2*h. Suppose -6*t - 356 = -8*t - 4*o, -2*o = -5*t + 878. What is the greatest common factor of t and h?
16
Let c(b) = b**3 - 2*b**2 - b - 3. Let h be (-15)/(-6)*18/15. Let x be c(h). Let t be (3/(-1))/(x/(-2)). What is the highest common factor of 14 and t?
2
Suppose -5*l + 2 = -63. Let k(y) = -16 + 2*y - 3*y - 2*y. Let p be k(-14). What is the highest common factor of p and l?
13
Let s be 42/28*(-2)/3. Let c be s/3 + 304/12. Suppose 0 = -3*x + c + 119. What is the greatest common factor of x and 32?
16
Suppose -p + 118 = -3*p. Let h = -42 - p. Suppose 11*c - 529 = 1154. What is the greatest common factor of c and h?
17
Let c(x) = -12 - 19*x**2 - 5*x - 26*x**2 + 29*x**2 - x**3. Let p be c(-16). Calculate the greatest common factor of 170 and p.
34
Sup